the remainder when 11917 is divided by 3955.
52
What is the remainder when 66932 is divided by 55?
52
Calculate the remainder when 2345 is divided by 54.
23
What is the remainder when 856 is divided by 809?
47
Calculate the remainder when 52744 is divided by 894.
892
Calculate the remainder when 491645 is divided by 134.
133
What is the remainder when 2194 is divided by 1316?
878
What is the remainder when 7675 is divided by 65?
5
What is the remainder when 38114 is divided by 3811?
4
Calculate the remainder when 22139 is divided by 5534.
3
What is the remainder when 27438 is divided by 119?
68
Calculate the remainder when 2097890 is divided by 121.
113
Calculate the remainder when 681377 is divided by 57.
56
Calculate the remainder when 272394 is divided by 69.
51
Calculate the remainder when 3913 is divided by 3866.
47
Calculate the remainder when 371 is divided by 165.
41
Calculate the remainder when 4466 is divided by 737.
44
Calculate the remainder when 95360 is divided by 15892.
8
What is the remainder when 1056 is divided by 206?
26
What is the remainder when 43814 is divided by 635?
634
Calculate the remainder when 14136 is divided by 14103.
33
What is the remainder when 7002 is divided by 417?
330
What is the remainder when 3616 is divided by 715?
41
What is the remainder when 231940 is divided by 174?
172
Calculate the remainder when 524877 is divided by 6.
3
What is the remainder when 15215 is divided by 7605?
5
What is the remainder when 39689 is divided by 7?
6
What is the remainder when 341022 is divided by 1601?
9
What is the remainder when 110660 is divided by 3688?
20
What is the remainder when 324579 is divided by 1155?
24
What is the remainder when 48157 is divided by 23?
18
What is the remainder when 25035 is divided by 40?
35
Calculate the remainder when 4801 is divided by 45.
31
What is the remainder when 4982 is divided by 84?
26
What is the remainder when 652083 is divided by 187?
14
Calculate the remainder when 30847 is divided by 6166.
17
What is the remainder when 328734 is divided by 82181?
10
Calculate the remainder when 293598 is divided by 90.
18
Calculate the remainder when 3469 is divided by 1728.
13
What is the remainder when 210483 is divided by 1967?
14
What is the remainder when 7757 is divided by 1893?
185
Calculate the remainder when 3784 is divided by 380.
364
Calculate the remainder when 1454 is divided by 134.
114
Calculate the remainder when 167661 is divided by 2704.
13
Calculate the remainder when 18250 is divided by 570.
10
What is the remainder when 40637 is divided by 40626?
11
What is the remainder when 344866 is divided by 1443?
1432
Calculate the remainder when 9918 is divided by 320.
318
Calculate the remainder when 10343 is divided by 217.
144
What is the remainder when 7744 is divided by 55?
44
What is the remainder when 60263 is divided by 1889?
1704
Calculate the remainder when 35152 is divided by 568.
504
Calculate the remainder when 21094 is divided by 5.
4
Calculate the remainder when 54504 is divided by 165.
54
What is the remainder when 1569 is divided by 45?
39
What is the remainder when 442 is divided by 82?
32
What is the remainder when 2744 is divided by 20?
4
What is the remainder when 5039 is divided by 121?
78
What is the remainder when 10930 is divided by 2731?
6
Calculate the remainder when 197980 is divided by 815.
750
What is the remainder when 17326 is divided by 51?
37
Calculate the remainder when 17138 is divided by 115.
3
Calculate the remainder when 52952 is divided by 1825.
27
Calculate the remainder when 234 is divided by 222.
12
What is the remainder when 869 is divided by 102?
53
Calculate the remainder when 12751 is divided by 54.
7
Calculate the remainder when 6638 is divided by 6478.
160
Calculate the remainder when 1806 is divided by 16.
14
Calculate the remainder when 741493 is divided by 96.
85
What is the remainder when 131825 is divided by 879?
854
Calculate the remainder when 1736 is divided by 265.
146
What is the remainder when 1792 is divided by 575?
67
Calculate the remainder when 2970 is divided by 397.
191
Calculate the remainder when 5555 is divided by 593.
218
What is the remainder when 10510 is divided by 140?
10
Calculate the remainder when 142815 is divided by 20.
15
What is the remainder when 1988588 is divided by 8?
4
Calculate the remainder when 2040 is divided by 308.
192
Calculate the remainder when 176626 is divided by 289.
47
Calculate the remainder when 1046 is divided by 80.
6
Calculate the remainder when 1835 is divided by 241.
148
Calculate the remainder when 481 is divided by 55.
41
Calculate the remainder when 3919406 is divided by 989.
988
What is the remainder when 2411 is divided by 105?
101
What is the remainder when 75233 is divided by 75179?
54
Calculate the remainder when 21169 is divided by 214.
197
Calculate the remainder when 279363 is divided by 93106.
45
What is the remainder when 52155 is divided by 17352?
99
What is the remainder when 2436 is divided by 166?
112
What is the remainder when 122768 is divided by 501?
23
What is the remainder when 7786 is divided by 36?
10
Calculate the remainder when 550362 is divided by 1274.
1268
What is the remainder when 25663 is divided by 15?
13
Calculate the remainder when 3971713 is divided by 1162.
1159
What is the remainder when 37888 is divided by 5405?
53
What is the remainder when 4132 is divided by 433?
235
Calculate the remainder when 36757 is divided by 443.
431
Calculate the remainder when 53103 is divided by 110.
83
What is the remainder when 35606 is divided by 5932?
14
Calculate the remainder when 27908 is divided by 6961.
64
What is the remainder when 5759 is divided by 288?
287
What is the remainder when 48619 is divided by 9723?
4
Calculate the remainder when 633 is divided by 39.
9
Calculate the remainder when 3718770 is divided by 14.
6
Calculate the remainder when 2109 is divided by 655.
144
Calculate the remainder when 378235 is divided by 30.
25
What is the remainder when 77644 is divided by 547?
517
Calculate the remainder when 11455 is divided by 16.
15
What is the remainder when 8847 is divided by 23?
15
Calculate the remainder when 78640 is divided by 9820.
80
Calculate the remainder when 103 is divided by 14.
5
What is the remainder when 30013 is divided by 5002?
1
What is the remainder when 405899 is divided by 300?
299
Calculate the remainder when 570992 is divided by 37.
8
What is the remainder when 1991 is divided by 48?
23
Calculate the remainder when 324 is divided by 174.
150
Calculate the remainder when 3185 is divided by 138.
11
Calculate the remainder when 10250325 is divided by 984.
981
What is the remainder when 3468 is divided by 1505?
458
Calculate the remainder when 44267 is divided by 2211.
47
What is the remainder when 72257 is divided by 23?
14
Calculate the remainder when 81304 is divided by 16259.
9
What is the remainder when 85323 is divided by 83?
82
What is the remainder when 11123 is divided by 30?
23
Calculate the remainder when 39124 is divided by 130.
124
What is the remainder when 17095 is divided by 1141?
1121
What is the remainder when 39514 is divided by 20?
14
What is the remainder when 7486 is divided by 48?
46
Calculate the remainder when 12767 is divided by 336.
335
What is the remainder when 241289 is divided by 126?
125
Calculate the remainder when 5752 is divided by 517.
65
Calculate the remainder when 227 is divided by 83.
61
Calculate the remainder when 153165 is divided by 9572.
13
Calculate the remainder when 37178 is divided by 55.
53
Calculate the remainder when 43133 is divided by 306.
293
What is the remainder when 130243 is divided by 8682?
13
Calculate the remainder when 64928 is divided by 454.
6
Calculate the remainder when 136872 is divided by 13.
8
What is the remainder when 599 is divided by 581?
18
What is the remainder when 7594751 is divided by 48?
47
Calculate the remainder when 2051 is divided by 306.
215
What is the remainder when 20365 is divided by 17?
16
Calculate the remainder when 3391 is divided by 885.
736
What is the remainder when 20434 is divided by 276?
10
Calculate the remainder when 1817 is divided by 900.
17
Calculate the remainder when 133545 is divided by 5559.
129
What is the